{"id":427,"date":"2014-11-22T12:04:06","date_gmt":"2014-11-22T11:04:06","guid":{"rendered":"http:\/\/www.vattnetsmysterier.se\/?page_id=427"},"modified":"2014-11-22T12:04:06","modified_gmt":"2014-11-22T11:04:06","slug":"om-vatten","status":"publish","type":"page","link":"https:\/\/borgstromsforlag.se\/vattnetsmysterier\/om-vatten\/","title":{"rendered":"Om vatten"},"content":{"rendered":"<p style=\"text-align: left\">Varf\u00f6r en bok om vatten?\u00a0Svaret \u00e4r enkelt. Utan vatten \u2013 inget\u00a0<strong>liv<\/strong>. Inga gr\u00e4shoppor, inga gr\u00e4sstr\u00e5n och inga\u00a0<strong>elefanter<\/strong>. Eller m\u00e4nniskor. Vi \u00e4r alla\u00a0<strong>beroende<\/strong>\u00a0av vatten.<\/p>\n<p style=\"text-align: left\">D\u00e4rf\u00f6r spelar vatten en stor roll f\u00f6r allt liv p\u00e5 jorden. Hur det \u00e4r f\u00f6rdelat. Hur det \u00e5ker runt i ett kretslopp och att det \u00e4r\u00a0<strong>rent<\/strong>.<\/p>\n<p style=\"text-align: left\">Vi t\u00e4nker kanske inte s\u00e5 ofta p\u00e5 det, men vatten finns\u00a0<strong>\u00f6verallt<\/strong>\u00a0runt omkring oss.<\/p>\n<div style=\"text-align: left\" align=\"center\">\n<div id=\"jwplayer-1-div\" class=\"480\">\n<div id=\"jwplayer-1_wrapper\">\n\n<div data-mode=\"normal\" data-provider=\"html5\" id=\"arve-html5-\" style=\"max-width:480px;\" class=\"arve\">\n\t<div class=\"arve-inner\">\n\t\t<div class=\"arve-embed\">\n\t\t\t<video class=\"arve-video fitvidsignore\" controls controlslist=\"\" data-arve=\"arve-html5-\" onloadstart=\"this.volume=1\" preload=\"metadata\"><source type=\"video\/mp4\" src=\"https:\/\/borgstromsforlag.se\/vattnetsmysterier\/files\/2014\/11\/Vattenfilm-medel.mp4#t=0.1\"><source type=\"video\/x-m4v\" src=\"https:\/\/borgstromsforlag.se\/vattnetsmysterier\/files\/2014\/11\/vattenfilm-mobil-ipod.m4v#t=0.1\"><\/video>\n\t\t\t\n\t\t<\/div>\n\t\t\n\t<\/div>\n\t\n\t\n\t<script type=\"application\/ld+json\">{\"@context\":\"http:\\\/\\\/schema.org\\\/\",\"@id\":\"https:\\\/\\\/borgstromsforlag.se\\\/vattnetsmysterier\\\/om-vatten\\\/#arve-html5-\",\"type\":\"VideoObject\",\"contentURL\":\"https:\\\/\\\/borgstromsforlag.se\\\/vattnetsmysterier\\\/files\\\/2014\\\/11\\\/Vattenfilm-medel.mp4\"}<\/script>\n\t\n<\/div>\n<\/div>\n<\/div>\n<\/div>\n<p style=\"text-align: left\">Vatten styr ocks\u00e5 hur m\u00e4nniskor har det, om du \u00e4r rik, fattig,\u00a0<strong>frisk<\/strong>\u00a0eller sjuk.<\/p>\n<p style=\"text-align: left\"><a href=\"https:\/\/itunes.apple.com\/se\/book\/miljons-mysterier\/id561814916?mt=11\" target=\"_blank\" rel=\"noopener\">(Filmen \u00e4r h\u00e4mtad fr\u00e5n e-boken Milj\u00f6ns Mysterier f\u00f6r iPad och som finns h\u00e4r).<\/a><\/p>\n","protected":false},"excerpt":{"rendered":"<p>Varf\u00f6r en bok om vatten?\u00a0Svaret \u00e4r enkelt. Utan vatten \u2013 inget\u00a0liv. Inga gr\u00e4shoppor, inga gr\u00e4sstr\u00e5n och inga\u00a0elefanter. Eller m\u00e4nniskor. Vi \u00e4r alla\u00a0beroende\u00a0av vatten. D\u00e4rf\u00f6r spelar vatten en stor roll f\u00f6r allt liv p\u00e5 jorden. Hur det \u00e4r f\u00f6rdelat. Hur det \u00e5ker runt i ett kretslopp och att det \u00e4r\u00a0rent. Vi t\u00e4nker kanske inte s\u00e5 ofta &#8230; <a title=\"Om vatten\" class=\"read-more\" href=\"https:\/\/borgstromsforlag.se\/vattnetsmysterier\/om-vatten\/\" aria-label=\"L\u00e4s mer om Om vatten\">L\u00e4s mer<\/a><\/p>\n","protected":false},"author":2,"featured_media":0,"parent":0,"menu_order":0,"comment_status":"closed","ping_status":"closed","template":"","meta":{"ngg_post_thumbnail":0,"footnotes":""},"class_list":["post-427","page","type-page","status-publish"],"_links":{"self":[{"href":"https:\/\/borgstromsforlag.se\/vattnetsmysterier\/wp-json\/wp\/v2\/pages\/427","targetHints":{"allow":["GET"]}}],"collection":[{"href":"https:\/\/borgstromsforlag.se\/vattnetsmysterier\/wp-json\/wp\/v2\/pages"}],"about":[{"href":"https:\/\/borgstromsforlag.se\/vattnetsmysterier\/wp-json\/wp\/v2\/types\/page"}],"author":[{"embeddable":true,"href":"https:\/\/borgstromsforlag.se\/vattnetsmysterier\/wp-json\/wp\/v2\/users\/2"}],"replies":[{"embeddable":true,"href":"https:\/\/borgstromsforlag.se\/vattnetsmysterier\/wp-json\/wp\/v2\/comments?post=427"}],"version-history":[{"count":0,"href":"https:\/\/borgstromsforlag.se\/vattnetsmysterier\/wp-json\/wp\/v2\/pages\/427\/revisions"}],"wp:attachment":[{"href":"https:\/\/borgstromsforlag.se\/vattnetsmysterier\/wp-json\/wp\/v2\/media?parent=427"}],"curies":[{"name":"wp","href":"https:\/\/api.w.org\/{rel}","templated":true}]}}